 15, what is 12 + 25bad?
25bc0
In base 10, what is -22636 + -6660?
-29296
In base 10, what is 95231 - -47?
95278
In base 6, what is -3452554 + 11021?
-3441533
In base 9, what is 1030316 + 176?
1030503
In base 11, what is -8 - 45589501?
-45589509
In base 12, what is -24 - 13006847?
-1300686b
In base 4, what is -132131311032 - 13?
-132131311111
In base 5, what is -413344 + -204132?
-1123031
In base 13, what is 1771c5 - -8c?
177284
In base 6, what is 311233 - 1552?
305241
In base 14, what is -a1372d + -13?
-a13742
In base 15, what is -48d71 + -2d?
-48d9e
In base 3, what is 12011111000 + -20?
12011110210
In base 3, what is -201012010 - 210001002?
-1111020012
In base 16, what is d + 16390?
1639d
In base 2, what is 10010111101111 - 1110111011011?
100000010100
In base 10, what is -2840783 - 37?
-2840820
In base 3, what is 210111002 - 2220122?
200120110
In base 5, what is 2 - 41232132402?
-41232132400
In base 4, what is -2100212021 + -11313?
-2100230000
In base 5, what is 200004020 + -40?
200003430
In base 12, what is 234823 - -b?
234832
In base 14, what is 98392 - -9?
9839b
In base 4, what is 3 - -13313220333313?
13313220333322
In base 6, what is -13504111 + 44?
-13504023
In base 7, what is 16415 + 311144?
330562
In base 14, what is 9 + -211b386?
-211b37b
In base 4, what is -12021 + -102232?
-120313
In base 13, what is 52614957 + -5?
52614952
In base 11, what is -181495a3 + -4?
-181495a7
In base 3, what is -112202210121011 + 1?
-112202210121010
In base 4, what is -2121111312 - 10?
-2121111322
In base 3, what is 110220020 + -1010120?
102202200
In base 7, what is 1000200 + -21156?
646011
In base 14, what is -3912dc - 2?
-391300
In base 6, what is 5 + -11531451133?
-11531451124
In base 6, what is 3 + 53422353?
53422400
In base 16, what is 680784 - -3?
680787
In base 8, what is -17103073 - -33?
-17103040
In base 15, what is -5 - -a6ae5?
a6ae0
In base 8, what is 273575023 + 37?
273575062
In base 7, what is 53345433 + 120?
53345553
In base 10, what is 28946 + -181?
28765
In base 14, what is 4 + -3d8c25?
-3d8c21
In base 7, what is -114663 - -21152?
-63511
In base 8, what is -347 + -331015?
-331364
In base 8, what is 564347116 - 0?
564347116
In base 3, what is 1100 - -221220101020?
221220102120
In base 9, what is -111567468 + -1?
-111567470
In base 9, what is 45053 - 133?
44820
In base 10, what is -66459321 + -2?
-66459323
In base 5, what is -41 + 2002030?
2001434
In base 10, what is 463303 + -586?
462717
In base 14, what is -3 - -506668?
506665
In base 12, what is -3a6 + -89b1?
-9197
In base 7, what is -22042606 + 0?
-22042606
In base 6, what is 115101544 - 24?
115101520
In base 13, what is -b5595 + c6?
-b549c
In base 5, what is 430222323 + -12?
430222311
In base 5, what is 2 - 2332113321?
-2332113314
In base 13, what is 1782072 + 23?
1782095
In base 4, what is 1233310131120320 + 3?
1233310131120323
In base 16, what is 27 + 2044e?
20475
In base 14, what is 145 - 354c7b?
-354b36
In base 2, what is 1000111 + 101111100100111011011?
101111100101000100010
In base 5, what is 42411002 - -3331?
42414333
In base 2, what is -10111100111000 + 100010011?
-10111000100101
In base 16, what is 1ea + -ae9?
-8ff
In base 16, what is -76d77e + 3?
-76d77b
In base 6, what is 11 - -232045251?
232045302
In base 10, what is -71 - 988971?
-989042
In base 13, what is 0 + 59457329?
59457329
In base 7, what is 2 + 24043254?
24043256
In base 7, what is 26452 - -261?
30043
In base 9, what is -201133401 - -6?
-201133384
In base 4, what is -1320333023 + 312?
-1320332111
In base 4, what is 11313 - -22122200220?
22122212133
In base 9, what is 11542455 - -4?
11542460
In base 11, what is -4 + -35a86a9?
-35a8702
In base 15, what is 1 - 1121d9?
-1121d8
In base 11, what is -1464a97a - 5?
-1464a984
In base 4, what is 110211301 + -3123213?
101022022
In base 14, what is 40883d + 66?
4088a5
In base 7, what is -1121 - 365412?
-366533
In base 15, what is ec + 3150ad?
3151aa
In base 5, what is -3 - -400344232?
400344224
In base 8, what is 3350547 - 65?
3350462
In base 4, what is 32 - -3310121003?
3310121101
In base 4, what is -12113120201 - -133?
-12113120002
In base 8, what is 354601232 - 0?
354601232
In base 15, what is 770cd + 13?
770e1
In base 13, what is 48 - 164bb9?
-164b71
In base 10, what is 55 - -1652015?
1652070
In base 8, what is 226 - 540065?
-537637
In base 15, what is 6aeb99c - 5?
6aeb997
In base 10, what is -1660 - 9671?
-11331
In base 3, what is 2000122201110112211 - 12?
2000122201110112122
In base 12, what is 133726 + 2a?
133754
In base 3, what is -111101001 - -1210200?
-102120101
In base 13, what is 5c03 - -1b9?
60bc
In base 10, what is -671 - 74551?
-75222
In base 13, what is -207cc - b?
-2080a
In base 12, what is 617b - 91?
60aa
In base 14, what is 63 - -76d?
7d2
In base 16, what is 1058677 + 0?
1058677
In base 2, what is 1000000 + -1100111010000000101?
-1100111001111000101
In base 11, what is -521746a - 5?
-5217474
In base 4, what is -1121122010 - -12?
-1121121332
In base 8, what is 4 - -170766423?
170766427
In base 2, what is 10100110110 - 1001001001000?
-110100010010
In base 13, what is 0 + c096?
c096
In base 15, what is -3 - -36e68?
36e65
In base 13, what is 5 + -849108?
-849103
In base 4, what is 121320223120 + 32?
121320223212
In base 2, what is 100000110110011010110100 + -100?
100000110110011010110000
In base 8, what is -2330 + -722631?
-725161
In base 7, what is 34033 - 116635?
-52602
In base 12, what is -1 + -bb6a47?
-bb6a48
In base 16, what is -2 - -4bffa8d?
4bffa8b
In base 9, what is -808 - -45631?
44722
In base 9, what is -141103 - 2?
-141105
In base 3, what is 21222101202 - 1221210?
21220102222
In base 14, what is -4cb9aa + -2?
-4cb9ac
In base 7, what is -221226032 - -3?
-221226026
In base 6, what is -25434 + 102030?
32152
In base 5, what is 23223 + 12333?
41111
In base 9, what is 1 - -126878442?
126878443
In base 12, what is 35a + 701?
a5b
In base 6, what is -15525232 + 10?
-15525222
In base 9, what is 36223 + 83?
36316
In base 7, what is -14 + -31131621?
-31131635
In base 16, what is 2e5d2 + 203?
2e7d5
In base 7, what is -1105 - 43244?
-44352
In base 4, what is 3001223223321 + -10?
3001223223311
In base 12, what is 18 - 771325?
-771309
In base 3, what is 2120000122110 - -1?
2120000122111
In base 9, what is -180406 + -10?
-180416
In base 10, what is 8 + -2722361?
-2722353
In base 7, what is -6 - -63424515?
63424506
In base 3, what is -11202 + -2001102122122?
-2001102211101
In base 13, what is -98c190c + 0?
-98c190c
In base 13, what is -21c41 - -303c?
-1bc02
In base 8, what is -237 + 413402?
413143
In base 15, what is -378c - 7d87?
-b624
In base 9, what is 76044781 + 1?
76044782
In base 16, what is -363865 - -7?
-36385e
In base 8, what is 647431207 - 2?
647431205
In base 5, what is 332 + 343101203?
343102040
In base 3, what is -12012122222222 + -1221?
-12012200001220
In base 2, what is -1101111101100110 - 101000?
-1101111110001110
In base 13, what is -2 + -56574c6?
-56574c8
In base 3, what is 22212211020 - 102121120?
22110012200
In base 7, what is -44225316 - 5?
-44225324
In base 3, what is 100002101021211022 + 2?
100002101021211101
In base 6, what is -20504 + -32542?
-53450
In base 14, what is -3 - -5589a9?
5589a6
In base 12, what is -1 - 32b4231b?
-32b42320
In base 4, what is 12 + -30110023113?
-30110023101
In base 15, what is -a665aa + 4?
-a665a6
In base 7, what is 1 + -160144550?
-160144546
In base 6, what is -5250 - 2210054?
-2215344
In base 13, what is -249247 - 19?
-249263
In base 11, what is -6 - -4786280?
4786275
In base 8, what is -5356473 + -236?
-5356731
In base 3, what is 1010221020102210 - -102?
1010221020110012
In base 5, what is 23414330121 + 1?
23414330122
In base 13, what is -5 + -35165b56?
-35165b5b
In base 5, what is 20032112340 - -4?
20032112344
In base 9, what is 13371 - -28048?
42430
In base 8, what is -30 - 10615063?
-10615113
In base 5, what is 44041010 - 233?
44040222
In base 8, what is 100363525 + 13?
100363540
In base 7, what is -2 + 6663330?
6663325
In base 3, what is -121210022012022 - 2?
-121210022012101
In base 4, what is -21 - 3003022031?
-3003022112
In base 12, what is 2 - -492276?
492278
In base 8, what is -2556511 + 1?
-2556510
In base 4, what is 21200212 + -1010?
21133202
In base 14, what is -4 - -20da86a6?
20da86a2
In base 10, w